alculate the greatest common divisor of 38012 and 17680.
884
Calculate the highest common factor of 258 and 202143.
129
What is the greatest common divisor of 861 and 478464?
21
Calculate the greatest common divisor of 18456 and 6744.
24
Calculate the highest common factor of 1680 and 40110.
210
What is the greatest common divisor of 6620 and 39980?
20
What is the highest common divisor of 50432 and 2167?
197
What is the greatest common factor of 67256 and 448?
56
Calculate the highest common divisor of 1824 and 16112.
304
What is the greatest common factor of 417406 and 22?
22
Calculate the greatest common divisor of 94127 and 33.
11
What is the greatest common divisor of 163 and 50041?
163
What is the highest common factor of 464 and 11056?
16
Calculate the greatest common divisor of 30 and 18290.
10
What is the greatest common divisor of 38830 and 220?
110
What is the highest common factor of 4550 and 1150?
50
What is the greatest common factor of 575 and 473225?
575
Calculate the highest common divisor of 57631 and 49.
7
Calculate the highest common divisor of 11178 and 15042.
138
What is the highest common factor of 220 and 9679890?
110
Calculate the greatest common divisor of 94943 and 2893.
263
Calculate the greatest common factor of 213 and 28187.
71
Calculate the greatest common factor of 531040 and 160.
160
What is the greatest common factor of 195656 and 296?
296
What is the highest common factor of 658 and 3102?
94
Calculate the highest common divisor of 1173080 and 80.
40
What is the highest common divisor of 33 and 268433?
11
Calculate the greatest common divisor of 1213954 and 84.
14
Calculate the greatest common divisor of 3028290 and 40.
10
What is the greatest common divisor of 1249560 and 40?
40
What is the greatest common factor of 1428 and 42756?
84
Calculate the highest common divisor of 87 and 90669.
3
What is the highest common divisor of 21910 and 140?
70
Calculate the highest common factor of 78010 and 2.
2
Calculate the greatest common factor of 14607081 and 3942.
1971
What is the highest common factor of 13114 and 249?
83
Calculate the greatest common divisor of 3000 and 1380.
60
Calculate the greatest common divisor of 16940599 and 26.
13
What is the highest common divisor of 3196 and 1504?
188
What is the highest common divisor of 61 and 1218719?
61
Calculate the highest common divisor of 32513 and 2132.
533
Calculate the greatest common divisor of 3300 and 50996.
44
What is the highest common factor of 66 and 3160608?
66
What is the greatest common divisor of 94 and 288251?
47
What is the highest common divisor of 152214 and 552?
138
Calculate the greatest common factor of 360 and 40005.
45
What is the highest common factor of 35076 and 237?
237
Calculate the highest common factor of 20 and 35780.
20
Calculate the greatest common factor of 5 and 3577315.
5
Calculate the greatest common divisor of 6800 and 595.
85
Calculate the greatest common factor of 4448 and 2272.
32
What is the highest common divisor of 3290 and 175?
35
What is the highest common factor of 37948 and 265?
53
What is the highest common divisor of 204596 and 364?
28
Calculate the highest common factor of 2910 and 930.
30
What is the highest common factor of 132 and 4224?
132
What is the greatest common factor of 4541 and 608?
19
What is the highest common divisor of 40217 and 2456?
307
What is the greatest common divisor of 1391742 and 162?
162
Calculate the greatest common factor of 96 and 83064.
24
What is the highest common factor of 14574 and 1134?
42
Calculate the highest common factor of 16 and 495896.
8
What is the greatest common divisor of 33464 and 24440?
376
Calculate the greatest common divisor of 9 and 182079.
9
What is the highest common factor of 1818 and 7277454?
1818
What is the greatest common factor of 312 and 25728?
24
Calculate the highest common divisor of 51708 and 93.
93
Calculate the highest common divisor of 185 and 31265.
185
What is the greatest common factor of 151822 and 92862?
1474
What is the highest common factor of 6474 and 10686?
78
What is the highest common divisor of 499 and 21457?
499
What is the highest common divisor of 194 and 947399?
97
Calculate the greatest common divisor of 2546831 and 7.
7
What is the highest common divisor of 3732 and 204?
12
What is the highest common divisor of 2985736 and 16?
8
Calculate the highest common divisor of 1221 and 8888.
11
Calculate the greatest common factor of 179 and 780440.
179
What is the highest common divisor of 8824 and 568?
8
What is the greatest common factor of 290142 and 31104?
486
What is the highest common divisor of 660579 and 93?
93
What is the greatest common divisor of 4084 and 1492?
4
Calculate the greatest common factor of 525 and 10941.
21
Calculate the highest common factor of 14208 and 240.
48
What is the greatest common factor of 1368 and 8532216?
1368
What is the highest common factor of 319 and 88421?
29
What is the highest common factor of 5773 and 53463?
251
What is the highest common divisor of 14467 and 69?
23
Calculate the highest common factor of 53 and 694088.
53
Calculate the greatest common divisor of 2592 and 228384.
288
What is the greatest common divisor of 192 and 372928?
64
Calculate the highest common factor of 63280 and 7000.
280
What is the highest common divisor of 10154 and 32?
2
What is the highest common divisor of 24 and 39966?
6
Calculate the highest common divisor of 628640 and 320.
160
Calculate the highest common divisor of 513 and 17802639.
513
Calculate the highest common divisor of 690993 and 9.
9
Calculate the greatest common divisor of 5578240 and 64.
64
Calculate the highest common divisor of 53540 and 20.
20
What is the highest common divisor of 316705 and 485?
485
Calculate the highest common factor of 263644 and 76.
76
What is the highest common divisor of 3926 and 1547?
13
Calculate the highest common divisor of 637 and 11662.
49
What is the highest common factor of 4087 and 335?
67
Calculate the greatest common factor of 184 and 114.
2
Calculate the greatest common divisor of 1596 and 328244.
532
Calculate the highest common divisor of 315 and 39879.
63
Calculate the highest common divisor of 36250 and 2726.
58
What is the highest common divisor of 34 and 102697?
17
What is the highest common divisor of 148 and 1630664?
148
Calculate the highest common factor of 221 and 32929.
221
Calculate the greatest common divisor of 10434 and 90.
6
What is the highest common factor of 1620 and 259884?
36
Calculate the highest common factor of 5222625 and 3.
3
What is the highest common factor of 2 and 9366?
2
Calculate the highest common factor of 12 and 2574.
6
Calculate the greatest common factor of 1737 and 2838837.
579
Calculate the highest common divisor of 22 and 1195568.
22
Calculate the highest common factor of 635435 and 60.
5
Calculate the greatest common divisor of 129 and 65575.
43
Calculate the highest common divisor of 6650 and 8759.
19
Calculate the highest common factor of 256417 and 49.
49
Calculate the highest common divisor of 476 and 64379.
119
Calculate the greatest common divisor of 1788500 and 245.
245
What is the greatest common factor of 8801 and 403?
13
What is the highest common divisor of 546 and 47280?
6
Calculate the greatest common divisor of 81 and 900.
9
What is the greatest common divisor of 275797 and 772?
193
Calculate the highest common divisor of 433400 and 66.
22
Calculate the greatest common factor of 1870 and 67430.
110
Calculate the greatest common divisor of 7716 and 108.
12
What is the highest common divisor of 3944 and 3799?
29
What is the highest common divisor of 415 and 35?
5
Calculate the highest common divisor of 130956 and 84.
84
Calculate the highest common divisor of 3648 and 307040.
608
Calculate the highest common divisor of 1670916 and 8.
4
What is the greatest common divisor of 16 and 8217696?
16
Calculate the highest common factor of 38 and 450794.
38
What is the greatest common divisor of 1513 and 477663?
89
Calculate the greatest common divisor of 963 and 233046.
963
Calculate the greatest common factor of 1650 and 11305800.
1650
What is the greatest common factor of 10648 and 57112?
968
What is the greatest common factor of 20 and 5615?
5
Calculate the